{"id":1812,"date":"2022-03-09T07:08:19","date_gmt":"2022-03-09T06:08:19","guid":{"rendered":"https:\/\/ethologie-equine.fr\/?page_id=1812"},"modified":"2022-12-28T16:32:49","modified_gmt":"2022-12-28T15:32:49","slug":"dico-detho","status":"publish","type":"page","link":"https:\/\/ethologie-equine.fr\/index.php\/dico-detho\/","title":{"rendered":"Le Dico d&rsquo;\u00c9tho"},"content":{"rendered":"<p><a href=\"https:\/\/www.instagram.com\/stories\/highlights\/17919104459175998\/\"><img data-recalc-dims=\"1\" loading=\"lazy\" decoding=\"async\" class=\"wp-image-1823 alignright\" src=\"https:\/\/i0.wp.com\/ethologie-equine.fr\/wp-content\/uploads\/2022\/03\/dico-detho.png?resize=172%2C166&#038;ssl=1\" alt=\"dico d'\u00e9tho\" width=\"172\" height=\"166\" srcset=\"https:\/\/i0.wp.com\/ethologie-equine.fr\/wp-content\/uploads\/2022\/03\/dico-detho.png?resize=300%2C290&amp;ssl=1 300w, https:\/\/i0.wp.com\/ethologie-equine.fr\/wp-content\/uploads\/2022\/03\/dico-detho.png?w=540&amp;ssl=1 540w\" sizes=\"auto, (max-width: 172px) 100vw, 172px\" \/><\/a><\/p>\n<p>Retrouvez sur cette page quelques d\u00e9finitions cl\u00e9s en \u00e9thologie<\/p>\n<p>Pour plus d&rsquo;informations, rendez-vous sur la page <a href=\"https:\/\/www.instagram.com\/ethologie_equine\/\">instagram d&rsquo;\u00e9thologie \u00e9quine<\/a>, bulle \u00ab\u00a0Le Dico d&rsquo;\u00c9tho\u00a0\u00bb ! Ou directement <a href=\"https:\/\/www.instagram.com\/stories\/highlights\/17919104459175998\/\">ici<\/a><\/p>\n<p><strong>Apprentissage<\/strong> : modification du comportement bas\u00e9e sur l&rsquo;exp\u00e9rience<\/p>\n<p><strong>Anthropomorphisme<\/strong> : a<span class=\"JsGRdQ\">ttribution de caract\u00e9ristiques humaines aux animaux<\/span><\/p>\n<p><strong>Biais cognitifs<\/strong> : d<span class=\"JsGRdQ\">istorsion dans le traitement de l&rsquo;information, qui va \u00eatre \u00e0 l&rsquo;origine d&rsquo;une alt\u00e9ration du jugement<\/span><\/p>\n<p><strong>Bien-\u00eatre<\/strong> : \u00e9tat mental positif qui d\u00e9coule de la satisfaction des besoins physiologiques et comportementaux, et de la pr\u00e9sence d&rsquo;\u00e9motions positives<\/p>\n<p><strong>Bientraitance<\/strong> : d\u00e9marche visant \u00e0 mettre en place un ensemble de moyens pour satisfaire les besoins physiologiques et comportementaux des animaux<\/p>\n<p><strong>Canon de Morgan<\/strong> : l&rsquo;hypoth\u00e8se la plus simple doit toujours \u00eatre pr\u00e9f\u00e9r\u00e9e. On parle aussi de loi de parcimonie. C&rsquo;est un principe fondamental en sciences<\/p>\n<p><strong>Cognition<\/strong> : e<span class=\"JsGRdQ\">nsemble des processus mentaux de traitement de l&rsquo;information<\/span><span class=\"JsGRdQ\">\u00a0(acquisition, stockage, utilisation)<\/span><\/p>\n<p><strong>Dilution<\/strong> (effet de) : diminution de la probabilit\u00e9 d&rsquo;\u00eatre attaqu\u00e9 par un pr\u00e9dateur pour un animal qui vit en groupe<\/p>\n<p><strong>Domestication<\/strong> : p<span class=\"JsGRdQ\">rocessus de transformation d&rsquo;une esp\u00e8ce sauvage en esp\u00e8ce domestique, qui va \u00eatre exploit\u00e9e par l&rsquo;homme, en vue de lui fournir des produits ou des services<\/span><\/p>\n<p><strong>\u00c9thogramme<\/strong> : inventaire descriptif des comportements d&rsquo;une esp\u00e8ce<\/p>\n<p><strong>\u00c9thologie<\/strong> : science qui \u00e9tudie le comportement animal<\/p>\n<p><strong>F\u00e9ral<\/strong> : a<span class=\"JsGRdQ\">nimal domestique retourn\u00e9 \u00e0 l&rsquo;\u00e9tat sauvage<\/span><\/p>\n<p><strong>N\u00e9ophobie<\/strong> : peur de ce qui est nouveau, inconnu<\/p>\n<p><strong>Perception<\/strong> : processus de collecte et de traitement de l&rsquo;information sensorielle<\/p>\n<p><strong>Umwelt<\/strong> : environnement sensoriel propre \u00e0 une esp\u00e8ce ou un individu<\/p>\n","protected":false},"excerpt":{"rendered":"<p>Retrouvez sur cette page quelques d\u00e9finitions cl\u00e9s en \u00e9thologie Pour plus d&rsquo;informations, rendez-vous sur la page instagram d&rsquo;\u00e9thologie \u00e9quine, bulle \u00ab\u00a0Le Dico d&rsquo;\u00c9tho\u00a0\u00bb ! Ou directement ici Apprentissage : modification du comportement bas\u00e9e sur l&rsquo;exp\u00e9rience Anthropomorphisme : attribution de caract\u00e9ristiques humaines aux animaux Biais cognitifs : distorsion dans le traitement de l&rsquo;information, qui va \u00eatre&hellip; <a href=\"https:\/\/ethologie-equine.fr\/index.php\/dico-detho\/\" class=\"more-link\">Lire la suite <span class=\"screen-reader-text\">Le Dico d&rsquo;\u00c9tho<\/span><\/a><\/p>\n","protected":false},"author":1,"featured_media":0,"parent":0,"menu_order":0,"comment_status":"closed","ping_status":"closed","template":"templates\/full-width-page.php","meta":{"footnotes":""},"tags":[],"class_list":["post-1812","page","type-page","status-publish","hentry","without-featured-image"],"yoast_head":"<!-- This site is optimized with the Yoast SEO plugin v24.8.1 - https:\/\/yoast.com\/wordpress\/plugins\/seo\/ -->\n<title>Le Dico d&#039;\u00c9tho - Ethologie equine<\/title>\n<meta name=\"robots\" content=\"index, follow, max-snippet:-1, max-image-preview:large, max-video-preview:-1\" \/>\n<link rel=\"canonical\" href=\"https:\/\/ethologie-equine.fr\/index.php\/dico-detho\/\" \/>\n<meta property=\"og:locale\" content=\"fr_FR\" \/>\n<meta property=\"og:type\" content=\"article\" \/>\n<meta property=\"og:title\" content=\"Le Dico d&#039;\u00c9tho - Ethologie equine\" \/>\n<meta property=\"og:description\" content=\"Retrouvez sur cette page quelques d\u00e9finitions cl\u00e9s en \u00e9thologie Pour plus d&rsquo;informations, rendez-vous sur la page instagram d&rsquo;\u00e9thologie \u00e9quine, bulle \u00ab\u00a0Le Dico d&rsquo;\u00c9tho\u00a0\u00bb ! Ou directement ici Apprentissage : modification du comportement bas\u00e9e sur l&rsquo;exp\u00e9rience Anthropomorphisme : attribution de caract\u00e9ristiques humaines aux animaux Biais cognitifs : distorsion dans le traitement de l&rsquo;information, qui va \u00eatre&hellip; Lire la suite Le Dico d&rsquo;\u00c9tho\" \/>\n<meta property=\"og:url\" content=\"https:\/\/ethologie-equine.fr\/index.php\/dico-detho\/\" \/>\n<meta property=\"og:site_name\" content=\"Ethologie equine\" \/>\n<meta property=\"article:modified_time\" content=\"2022-12-28T15:32:49+00:00\" \/>\n<meta property=\"og:image\" content=\"https:\/\/ethologie-equine.fr\/wp-content\/uploads\/2022\/03\/dico-detho-300x290.png\" \/>\n<meta name=\"twitter:card\" content=\"summary_large_image\" \/>\n<meta name=\"twitter:label1\" content=\"Dur\u00e9e de lecture estim\u00e9e\" \/>\n\t<meta name=\"twitter:data1\" content=\"2 minutes\" \/>\n<script type=\"application\/ld+json\" class=\"yoast-schema-graph\">{\"@context\":\"https:\/\/schema.org\",\"@graph\":[{\"@type\":\"WebPage\",\"@id\":\"https:\/\/ethologie-equine.fr\/index.php\/dico-detho\/\",\"url\":\"https:\/\/ethologie-equine.fr\/index.php\/dico-detho\/\",\"name\":\"Le Dico d'\u00c9tho - Ethologie equine\",\"isPartOf\":{\"@id\":\"https:\/\/ethologie-equine.fr\/#website\"},\"primaryImageOfPage\":{\"@id\":\"https:\/\/ethologie-equine.fr\/index.php\/dico-detho\/#primaryimage\"},\"image\":{\"@id\":\"https:\/\/ethologie-equine.fr\/index.php\/dico-detho\/#primaryimage\"},\"thumbnailUrl\":\"https:\/\/ethologie-equine.fr\/wp-content\/uploads\/2022\/03\/dico-detho-300x290.png\",\"datePublished\":\"2022-03-09T06:08:19+00:00\",\"dateModified\":\"2022-12-28T15:32:49+00:00\",\"breadcrumb\":{\"@id\":\"https:\/\/ethologie-equine.fr\/index.php\/dico-detho\/#breadcrumb\"},\"inLanguage\":\"fr-FR\",\"potentialAction\":[{\"@type\":\"ReadAction\",\"target\":[\"https:\/\/ethologie-equine.fr\/index.php\/dico-detho\/\"]}]},{\"@type\":\"ImageObject\",\"inLanguage\":\"fr-FR\",\"@id\":\"https:\/\/ethologie-equine.fr\/index.php\/dico-detho\/#primaryimage\",\"url\":\"https:\/\/i0.wp.com\/ethologie-equine.fr\/wp-content\/uploads\/2022\/03\/dico-detho.png?fit=540%2C522&ssl=1\",\"contentUrl\":\"https:\/\/i0.wp.com\/ethologie-equine.fr\/wp-content\/uploads\/2022\/03\/dico-detho.png?fit=540%2C522&ssl=1\",\"width\":540,\"height\":522,\"caption\":\"dico d'\u00e9tho\"},{\"@type\":\"BreadcrumbList\",\"@id\":\"https:\/\/ethologie-equine.fr\/index.php\/dico-detho\/#breadcrumb\",\"itemListElement\":[{\"@type\":\"ListItem\",\"position\":1,\"name\":\"Accueil\",\"item\":\"https:\/\/ethologie-equine.fr\/\"},{\"@type\":\"ListItem\",\"position\":2,\"name\":\"Le Dico d&rsquo;\u00c9tho\"}]},{\"@type\":\"WebSite\",\"@id\":\"https:\/\/ethologie-equine.fr\/#website\",\"url\":\"https:\/\/ethologie-equine.fr\/\",\"name\":\"Ethologie equine\",\"description\":\"la science au service du cheval\",\"publisher\":{\"@id\":\"https:\/\/ethologie-equine.fr\/#organization\"},\"potentialAction\":[{\"@type\":\"SearchAction\",\"target\":{\"@type\":\"EntryPoint\",\"urlTemplate\":\"https:\/\/ethologie-equine.fr\/?s={search_term_string}\"},\"query-input\":{\"@type\":\"PropertyValueSpecification\",\"valueRequired\":true,\"valueName\":\"search_term_string\"}}],\"inLanguage\":\"fr-FR\"},{\"@type\":\"Organization\",\"@id\":\"https:\/\/ethologie-equine.fr\/#organization\",\"name\":\"Ethologie equine\",\"url\":\"https:\/\/ethologie-equine.fr\/\",\"logo\":{\"@type\":\"ImageObject\",\"inLanguage\":\"fr-FR\",\"@id\":\"https:\/\/ethologie-equine.fr\/#\/schema\/logo\/image\/\",\"url\":\"https:\/\/i0.wp.com\/ethologie-equine.fr\/wp-content\/uploads\/2021\/10\/Logo-EE-site-800x900-1.png?fit=900%2C801&ssl=1\",\"contentUrl\":\"https:\/\/i0.wp.com\/ethologie-equine.fr\/wp-content\/uploads\/2021\/10\/Logo-EE-site-800x900-1.png?fit=900%2C801&ssl=1\",\"width\":900,\"height\":801,\"caption\":\"Ethologie equine\"},\"image\":{\"@id\":\"https:\/\/ethologie-equine.fr\/#\/schema\/logo\/image\/\"}}]}<\/script>\n<!-- \/ Yoast SEO plugin. -->","yoast_head_json":{"title":"Le Dico d'\u00c9tho - Ethologie equine","robots":{"index":"index","follow":"follow","max-snippet":"max-snippet:-1","max-image-preview":"max-image-preview:large","max-video-preview":"max-video-preview:-1"},"canonical":"https:\/\/ethologie-equine.fr\/index.php\/dico-detho\/","og_locale":"fr_FR","og_type":"article","og_title":"Le Dico d'\u00c9tho - Ethologie equine","og_description":"Retrouvez sur cette page quelques d\u00e9finitions cl\u00e9s en \u00e9thologie Pour plus d&rsquo;informations, rendez-vous sur la page instagram d&rsquo;\u00e9thologie \u00e9quine, bulle \u00ab\u00a0Le Dico d&rsquo;\u00c9tho\u00a0\u00bb ! Ou directement ici Apprentissage : modification du comportement bas\u00e9e sur l&rsquo;exp\u00e9rience Anthropomorphisme : attribution de caract\u00e9ristiques humaines aux animaux Biais cognitifs : distorsion dans le traitement de l&rsquo;information, qui va \u00eatre&hellip; Lire la suite Le Dico d&rsquo;\u00c9tho","og_url":"https:\/\/ethologie-equine.fr\/index.php\/dico-detho\/","og_site_name":"Ethologie equine","article_modified_time":"2022-12-28T15:32:49+00:00","og_image":[{"url":"https:\/\/ethologie-equine.fr\/wp-content\/uploads\/2022\/03\/dico-detho-300x290.png","type":"","width":"","height":""}],"twitter_card":"summary_large_image","twitter_misc":{"Dur\u00e9e de lecture estim\u00e9e":"2 minutes"},"schema":{"@context":"https:\/\/schema.org","@graph":[{"@type":"WebPage","@id":"https:\/\/ethologie-equine.fr\/index.php\/dico-detho\/","url":"https:\/\/ethologie-equine.fr\/index.php\/dico-detho\/","name":"Le Dico d'\u00c9tho - Ethologie equine","isPartOf":{"@id":"https:\/\/ethologie-equine.fr\/#website"},"primaryImageOfPage":{"@id":"https:\/\/ethologie-equine.fr\/index.php\/dico-detho\/#primaryimage"},"image":{"@id":"https:\/\/ethologie-equine.fr\/index.php\/dico-detho\/#primaryimage"},"thumbnailUrl":"https:\/\/ethologie-equine.fr\/wp-content\/uploads\/2022\/03\/dico-detho-300x290.png","datePublished":"2022-03-09T06:08:19+00:00","dateModified":"2022-12-28T15:32:49+00:00","breadcrumb":{"@id":"https:\/\/ethologie-equine.fr\/index.php\/dico-detho\/#breadcrumb"},"inLanguage":"fr-FR","potentialAction":[{"@type":"ReadAction","target":["https:\/\/ethologie-equine.fr\/index.php\/dico-detho\/"]}]},{"@type":"ImageObject","inLanguage":"fr-FR","@id":"https:\/\/ethologie-equine.fr\/index.php\/dico-detho\/#primaryimage","url":"https:\/\/i0.wp.com\/ethologie-equine.fr\/wp-content\/uploads\/2022\/03\/dico-detho.png?fit=540%2C522&ssl=1","contentUrl":"https:\/\/i0.wp.com\/ethologie-equine.fr\/wp-content\/uploads\/2022\/03\/dico-detho.png?fit=540%2C522&ssl=1","width":540,"height":522,"caption":"dico d'\u00e9tho"},{"@type":"BreadcrumbList","@id":"https:\/\/ethologie-equine.fr\/index.php\/dico-detho\/#breadcrumb","itemListElement":[{"@type":"ListItem","position":1,"name":"Accueil","item":"https:\/\/ethologie-equine.fr\/"},{"@type":"ListItem","position":2,"name":"Le Dico d&rsquo;\u00c9tho"}]},{"@type":"WebSite","@id":"https:\/\/ethologie-equine.fr\/#website","url":"https:\/\/ethologie-equine.fr\/","name":"Ethologie equine","description":"la science au service du cheval","publisher":{"@id":"https:\/\/ethologie-equine.fr\/#organization"},"potentialAction":[{"@type":"SearchAction","target":{"@type":"EntryPoint","urlTemplate":"https:\/\/ethologie-equine.fr\/?s={search_term_string}"},"query-input":{"@type":"PropertyValueSpecification","valueRequired":true,"valueName":"search_term_string"}}],"inLanguage":"fr-FR"},{"@type":"Organization","@id":"https:\/\/ethologie-equine.fr\/#organization","name":"Ethologie equine","url":"https:\/\/ethologie-equine.fr\/","logo":{"@type":"ImageObject","inLanguage":"fr-FR","@id":"https:\/\/ethologie-equine.fr\/#\/schema\/logo\/image\/","url":"https:\/\/i0.wp.com\/ethologie-equine.fr\/wp-content\/uploads\/2021\/10\/Logo-EE-site-800x900-1.png?fit=900%2C801&ssl=1","contentUrl":"https:\/\/i0.wp.com\/ethologie-equine.fr\/wp-content\/uploads\/2021\/10\/Logo-EE-site-800x900-1.png?fit=900%2C801&ssl=1","width":900,"height":801,"caption":"Ethologie equine"},"image":{"@id":"https:\/\/ethologie-equine.fr\/#\/schema\/logo\/image\/"}}]}},"jetpack_sharing_enabled":true,"_links":{"self":[{"href":"https:\/\/ethologie-equine.fr\/index.php\/wp-json\/wp\/v2\/pages\/1812","targetHints":{"allow":["GET"]}}],"collection":[{"href":"https:\/\/ethologie-equine.fr\/index.php\/wp-json\/wp\/v2\/pages"}],"about":[{"href":"https:\/\/ethologie-equine.fr\/index.php\/wp-json\/wp\/v2\/types\/page"}],"author":[{"embeddable":true,"href":"https:\/\/ethologie-equine.fr\/index.php\/wp-json\/wp\/v2\/users\/1"}],"replies":[{"embeddable":true,"href":"https:\/\/ethologie-equine.fr\/index.php\/wp-json\/wp\/v2\/comments?post=1812"}],"version-history":[{"count":13,"href":"https:\/\/ethologie-equine.fr\/index.php\/wp-json\/wp\/v2\/pages\/1812\/revisions"}],"predecessor-version":[{"id":1817,"href":"https:\/\/ethologie-equine.fr\/index.php\/wp-json\/wp\/v2\/pages\/1812\/revisions\/1817"}],"wp:attachment":[{"href":"https:\/\/ethologie-equine.fr\/index.php\/wp-json\/wp\/v2\/media?parent=1812"}],"wp:term":[{"taxonomy":"post_tag","embeddable":true,"href":"https:\/\/ethologie-equine.fr\/index.php\/wp-json\/wp\/v2\/tags?post=1812"}],"curies":[{"name":"wp","href":"https:\/\/api.w.org\/{rel}","templated":true}]}}